{"id":1339,"date":"2017-02-21T10:22:23","date_gmt":"2017-02-21T08:22:23","guid":{"rendered":"https:\/\/kogo.seto.ee\/?page_id=1339"},"modified":"2018-06-11T16:44:38","modified_gmt":"2018-06-11T13:44:38","slug":"projektid","status":"publish","type":"page","link":"https:\/\/kogo.seto.ee\/?page_id=1339","title":{"rendered":"Projektid"},"content":{"rendered":"<p>Seto K\u00e4sit\u00fc\u00fc Kogo on aktiivselt kokku pannud erinevaid projekte ning oleme olnud ka edukad ara taotlejad erinevatest meetmetest. Meie projektid erinevate rahastajate kaupa:<\/p>\n<ul>\n<li><a href=\"https:\/\/kogo.seto.ee\/et\/projektid\/pria-leader-meede\/\">PRIA Leader meede<\/a><\/li>\n<li><a href=\"https:\/\/kogo.seto.ee\/et\/projektid\/setomaa-arenguprogramm\/\">Setomaa arenguprogramm<\/a><\/li>\n<li><a href=\"https:\/\/kogo.seto.ee\/et\/projektid\/setomaa-kultuuriprogramm\/\">Setomaa kultuuriprogramm<\/a><\/li>\n<\/ul>\n","protected":false},"excerpt":{"rendered":"<p>Seto K\u00e4sit\u00fc\u00fc Kogo on aktiivselt kokku pannud erinevaid projekte ning oleme olnud ka edukad ara taotlejad erinevatest meetmetest. Meie projektid erinevate rahastajate kaupa: PRIA Leader meede Setomaa arenguprogramm Setomaa kultuuriprogramm<\/p>\n","protected":false},"author":1,"featured_media":0,"parent":0,"menu_order":0,"comment_status":"closed","ping_status":"closed","template":"","meta":{"ngg_post_thumbnail":0,"_kad_post_transparent":"","_kad_post_title":"","_kad_post_layout":"","_kad_post_sidebar_id":"","_kad_post_content_style":"","_kad_post_vertical_padding":"","_kad_post_feature":"","_kad_post_feature_position":"","_kad_post_header":false,"_kad_post_footer":false,"_kad_post_classname":"","footnotes":""},"class_list":["post-1339","page","type-page","status-publish","hentry"],"_links":{"self":[{"href":"https:\/\/kogo.seto.ee\/index.php?rest_route=\/wp\/v2\/pages\/1339","targetHints":{"allow":["GET"]}}],"collection":[{"href":"https:\/\/kogo.seto.ee\/index.php?rest_route=\/wp\/v2\/pages"}],"about":[{"href":"https:\/\/kogo.seto.ee\/index.php?rest_route=\/wp\/v2\/types\/page"}],"author":[{"embeddable":true,"href":"https:\/\/kogo.seto.ee\/index.php?rest_route=\/wp\/v2\/users\/1"}],"replies":[{"embeddable":true,"href":"https:\/\/kogo.seto.ee\/index.php?rest_route=%2Fwp%2Fv2%2Fcomments&post=1339"}],"version-history":[{"count":3,"href":"https:\/\/kogo.seto.ee\/index.php?rest_route=\/wp\/v2\/pages\/1339\/revisions"}],"predecessor-version":[{"id":1620,"href":"https:\/\/kogo.seto.ee\/index.php?rest_route=\/wp\/v2\/pages\/1339\/revisions\/1620"}],"wp:attachment":[{"href":"https:\/\/kogo.seto.ee\/index.php?rest_route=%2Fwp%2Fv2%2Fmedia&parent=1339"}],"curies":[{"name":"wp","href":"https:\/\/api.w.org\/{rel}","templated":true}]}}