{"id":1465,"date":"2017-10-18T10:28:24","date_gmt":"2017-10-18T07:28:24","guid":{"rendered":"https:\/\/kogo.seto.ee\/?page_id=1465"},"modified":"2018-06-11T16:47:50","modified_gmt":"2018-06-11T13:47:50","slug":"pria-leader-meede","status":"publish","type":"page","link":"https:\/\/kogo.seto.ee\/?page_id=1465","title":{"rendered":"PRIA Leader meede"},"content":{"rendered":"<p>PRIA Leader meetmest oleme teostanud j\u00e4rgmised projektid:<\/p>\n<ul>\n<li><a href=\"https:\/\/kogo.seto.ee\/et\/projektid\/pria-leader-meede\/seto-rahvaroivaraamatu-kasikiri\/\">Seto rahvar\u00f5ivaraamatu k\u00e4sikiri<\/a><\/li>\n<li><a href=\"https:\/\/kogo.seto.ee\/et\/projektid\/pria-leader-meede\/seto-ja-voro-kasitooliste-tootearenduskoolitused\/\">Seto ja v\u00f5ro k\u00e4sit\u00f6\u00f6liste tootearenduskoolitused<\/a><\/li>\n<\/ul>\n<p><a href=\"http:\/\/www.pria.ee\/et\/toetused\/valdkond\/leader\/\" rel=\"attachment wp-att-1344\"><img loading=\"lazy\" decoding=\"async\" class=\"aligncenter wp-image-1344\" src=\"https:\/\/kogo.seto.ee\/wp-content\/uploads\/2017\/02\/logo-leader-2014-est-horisontaal-varviline-1024x327.jpg\" alt=\"logo-leader-2014-est-horisontaal-varviline\" width=\"423\" height=\"135\" data-id=\"1344\" srcset=\"https:\/\/kogo.seto.ee\/wp-content\/uploads\/2017\/02\/logo-leader-2014-est-horisontaal-varviline-1024x327.jpg 1024w, https:\/\/kogo.seto.ee\/wp-content\/uploads\/2017\/02\/logo-leader-2014-est-horisontaal-varviline-300x96.jpg 300w, https:\/\/kogo.seto.ee\/wp-content\/uploads\/2017\/02\/logo-leader-2014-est-horisontaal-varviline-768x246.jpg 768w, https:\/\/kogo.seto.ee\/wp-content\/uploads\/2017\/02\/logo-leader-2014-est-horisontaal-varviline-980x313.jpg 980w, https:\/\/kogo.seto.ee\/wp-content\/uploads\/2017\/02\/logo-leader-2014-est-horisontaal-varviline.jpg 1476w\" sizes=\"auto, (max-width: 423px) 100vw, 423px\" \/><\/a><\/p>\n<p><a href=\"http:\/\/piiriveere.ee\/\" rel=\"attachment wp-att-1345\"><img loading=\"lazy\" decoding=\"async\" class=\"aligncenter wp-image-1345\" src=\"https:\/\/kogo.seto.ee\/wp-content\/uploads\/2017\/02\/Piiriveere-Liideri-logo.png\" alt=\"piiriveere-liideri-logo\" width=\"375\" height=\"212\" data-id=\"1345\" srcset=\"https:\/\/kogo.seto.ee\/wp-content\/uploads\/2017\/02\/Piiriveere-Liideri-logo.png 1012w, https:\/\/kogo.seto.ee\/wp-content\/uploads\/2017\/02\/Piiriveere-Liideri-logo-300x170.png 300w, https:\/\/kogo.seto.ee\/wp-content\/uploads\/2017\/02\/Piiriveere-Liideri-logo-768x434.png 768w, https:\/\/kogo.seto.ee\/wp-content\/uploads\/2017\/02\/Piiriveere-Liideri-logo-980x554.png 980w\" sizes=\"auto, (max-width: 375px) 100vw, 375px\" \/><\/a><\/p>\n","protected":false},"excerpt":{"rendered":"<p>PRIA Leader meetmest oleme teostanud j\u00e4rgmised projektid: Seto rahvar\u00f5ivaraamatu k\u00e4sikiri Seto ja v\u00f5ro k\u00e4sit\u00f6\u00f6liste tootearenduskoolitused<\/p>\n","protected":false},"author":4,"featured_media":0,"parent":1339,"menu_order":0,"comment_status":"closed","ping_status":"closed","template":"","meta":{"ngg_post_thumbnail":0,"_kad_post_transparent":"","_kad_post_title":"","_kad_post_layout":"","_kad_post_sidebar_id":"","_kad_post_content_style":"","_kad_post_vertical_padding":"","_kad_post_feature":"","_kad_post_feature_position":"","_kad_post_header":false,"_kad_post_footer":false,"_kad_post_classname":"","footnotes":""},"class_list":["post-1465","page","type-page","status-publish","hentry"],"_links":{"self":[{"href":"https:\/\/kogo.seto.ee\/index.php?rest_route=\/wp\/v2\/pages\/1465","targetHints":{"allow":["GET"]}}],"collection":[{"href":"https:\/\/kogo.seto.ee\/index.php?rest_route=\/wp\/v2\/pages"}],"about":[{"href":"https:\/\/kogo.seto.ee\/index.php?rest_route=\/wp\/v2\/types\/page"}],"author":[{"embeddable":true,"href":"https:\/\/kogo.seto.ee\/index.php?rest_route=\/wp\/v2\/users\/4"}],"replies":[{"embeddable":true,"href":"https:\/\/kogo.seto.ee\/index.php?rest_route=%2Fwp%2Fv2%2Fcomments&post=1465"}],"version-history":[{"count":6,"href":"https:\/\/kogo.seto.ee\/index.php?rest_route=\/wp\/v2\/pages\/1465\/revisions"}],"predecessor-version":[{"id":1622,"href":"https:\/\/kogo.seto.ee\/index.php?rest_route=\/wp\/v2\/pages\/1465\/revisions\/1622"}],"up":[{"embeddable":true,"href":"https:\/\/kogo.seto.ee\/index.php?rest_route=\/wp\/v2\/pages\/1339"}],"wp:attachment":[{"href":"https:\/\/kogo.seto.ee\/index.php?rest_route=%2Fwp%2Fv2%2Fmedia&parent=1465"}],"curies":[{"name":"wp","href":"https:\/\/api.w.org\/{rel}","templated":true}]}}