{"id":1476,"date":"2017-10-18T10:36:53","date_gmt":"2017-10-18T07:36:53","guid":{"rendered":"https:\/\/kogo.seto.ee\/?page_id=1476"},"modified":"2017-11-07T15:51:39","modified_gmt":"2017-11-07T13:51:39","slug":"seto-rahvaroivaraamatu-kasikiri","status":"publish","type":"page","link":"https:\/\/kogo.seto.ee\/?page_id=1476","title":{"rendered":"Seto rahvar\u00f5ivaraamatu k\u00e4sikiri"},"content":{"rendered":"<p><strong>Projekt: K\u00e4sit\u00f6\u00f6liste ja teadusasutuste koost\u00f6\u00f6projekt &#8211; seto rahvar\u00f5ivaraamatu k\u00e4sikiri<\/strong><\/p>\n<p>Piiriveere Liider Meede 3.1. \u00dchistegevuse arendamine.<\/p>\n<p>Projekti partnerid on MT\u00dc Seto K\u00e4sit\u00fc\u00fc Kogo ja SA Seto Instituut.<\/p>\n<p>Projekti periood: 01.12.2016 &#8211; 01.11.2019<\/p>\n<p>&nbsp;<\/p>\n<p>Projekti <strong>otseseks eesm\u00e4rgiks<\/strong> on viia kokku piirkonna k\u00e4sit\u00f6\u00f6lised ja teadlased- etnoloogid. Koost\u00f6\u00f6s toimuvad 3 aasta jooksul teemap\u00e4evad (sh vastastikused konsultatsioonid)&nbsp; erinevate rahvar\u00f5ivastega seotud teemadel (nt. sukad, hamed, v\u00f6\u00f6d, ehted, jalan\u00f5ud, kindad jm rahvar\u00f5iva komplekti kuuluvad esemed). Projekti tulemusena koondatakse ca 350 lehek\u00fclge seto rahvar\u00f5ivaalast materjali (artiklid ja fotod). Valmib k\u00e4sikiri, mis loob eelduse edaspidi seto rahvar\u00f5ivaraamatu v\u00e4lja andmiseks.<\/p>\n<p>Projekti <strong>kaugem eesm\u00e4rk<\/strong> \u00fchtib Piiriveere Liideri strateegia rakendamise pikaajaliste m\u00f5judega&nbsp; &#8211; piirkondlike erip\u00e4rade parem&nbsp; rakendamine, kohaliku majanduse elavnemine, elukvaliteedi paranemine. Kui paranevad teadmised traditsioonilisest k\u00e4sit\u00f6\u00f6st, luuakse eeldused turismisektoris kvaliteetsemate teenuste ja tootepakettide tekkele. Koondatud rahvar\u00f5ivamaterjal annab teavet autentsete r\u00f5ivaste valmistamiseks ja inspiratsiooni uute stiliseeritud toodete tekkimiseks. Projekti tulemusena valmib k\u00e4sikiri, kuhu on koondatud seto rahvar\u00f5ivaalased artiklid. Koondatud on \u00f5ppep\u00e4evadel esitletud erakogudes olevatest esemetest fotomaterjal.<\/p>\n<p>Uuenduslikkus on see, piirkonnas viiakse kokku k\u00e4sit\u00f6\u00f6lised ja teadlased- sellelaadset koost\u00f6\u00f6d pole sellises mahus varem tehtud. Tiheneb k\u00e4sit\u00f6\u00f6liste omavaheline suhtlemine ja koost\u00f6\u00f6 teadlaste ja teadusasutustega (ERM, Eesti Vaba\u00f5humuuseum, Setomaa kohalikud muuseumid, Viljandi Kultuuriakadeemia). Moodustatakse toimetuskolleegium. Teoreetilised arutelud koos praktikumidega ja vastastikused konsultatsioonid annavad inimestele v\u00f5imaluse seto k\u00e4sit\u00f6\u00f6 tehnikat, s\u00f5navara ja varasemaid uurimusi paremini m\u00f5ista ning t\u00e4nap\u00e4evaselt ja teaduslikult s\u00f5nastada.<\/p>\n<p>&nbsp;<\/p>\n","protected":false},"excerpt":{"rendered":"<p>Projekt: K\u00e4sit\u00f6\u00f6liste ja teadusasutuste koost\u00f6\u00f6projekt &#8211; seto rahvar\u00f5ivaraamatu k\u00e4sikiri Piiriveere Liider Meede 3.1. \u00dchistegevuse arendamine. Projekti partnerid on MT\u00dc Seto K\u00e4sit\u00fc\u00fc Kogo ja SA Seto Instituut. Projekti periood: 01.12.2016 &#8211; 01.11.2019 &nbsp; Projekti otseseks eesm\u00e4rgiks on viia kokku piirkonna k\u00e4sit\u00f6\u00f6lised ja teadlased- etnoloogid. Koost\u00f6\u00f6s toimuvad 3 aasta jooksul teemap\u00e4evad (sh vastastikused konsultatsioonid)&nbsp; erinevate rahvar\u00f5ivastega seotud&#8230;<\/p>\n","protected":false},"author":4,"featured_media":0,"parent":1465,"menu_order":0,"comment_status":"closed","ping_status":"closed","template":"","meta":{"ngg_post_thumbnail":0,"_kad_post_transparent":"","_kad_post_title":"","_kad_post_layout":"","_kad_post_sidebar_id":"","_kad_post_content_style":"","_kad_post_vertical_padding":"","_kad_post_feature":"","_kad_post_feature_position":"","_kad_post_header":false,"_kad_post_footer":false,"_kad_post_classname":"","footnotes":""},"class_list":["post-1476","page","type-page","status-publish","hentry"],"_links":{"self":[{"href":"https:\/\/kogo.seto.ee\/index.php?rest_route=\/wp\/v2\/pages\/1476","targetHints":{"allow":["GET"]}}],"collection":[{"href":"https:\/\/kogo.seto.ee\/index.php?rest_route=\/wp\/v2\/pages"}],"about":[{"href":"https:\/\/kogo.seto.ee\/index.php?rest_route=\/wp\/v2\/types\/page"}],"author":[{"embeddable":true,"href":"https:\/\/kogo.seto.ee\/index.php?rest_route=\/wp\/v2\/users\/4"}],"replies":[{"embeddable":true,"href":"https:\/\/kogo.seto.ee\/index.php?rest_route=%2Fwp%2Fv2%2Fcomments&post=1476"}],"version-history":[{"count":3,"href":"https:\/\/kogo.seto.ee\/index.php?rest_route=\/wp\/v2\/pages\/1476\/revisions"}],"predecessor-version":[{"id":1545,"href":"https:\/\/kogo.seto.ee\/index.php?rest_route=\/wp\/v2\/pages\/1476\/revisions\/1545"}],"up":[{"embeddable":true,"href":"https:\/\/kogo.seto.ee\/index.php?rest_route=\/wp\/v2\/pages\/1465"}],"wp:attachment":[{"href":"https:\/\/kogo.seto.ee\/index.php?rest_route=%2Fwp%2Fv2%2Fmedia&parent=1476"}],"curies":[{"name":"wp","href":"https:\/\/api.w.org\/{rel}","templated":true}]}}