{"id":2221,"date":"2020-06-01T12:34:30","date_gmt":"2020-06-01T09:34:30","guid":{"rendered":"https:\/\/kogo.seto.ee\/?page_id=2221"},"modified":"2024-01-30T11:03:37","modified_gmt":"2024-01-30T09:03:37","slug":"liikmed","status":"publish","type":"page","link":"https:\/\/kogo.seto.ee\/?page_id=2221","title":{"rendered":"Liikmed"},"content":{"rendered":"\r\n<p>Seto K\u00e4sit\u00fc\u00fc Kogo liikmeks v\u00f5ivad olla ettev\u00f5tjad, mittetulundus\u00fchingud ja f\u00fc\u00fcsilised isikud, kes soovivad arendada k\u00e4sit\u00f6\u00f6alast ettev\u00f5tlust Setomaal. Meie \u00fchingusse on oodatud seto traditsioonilise k\u00e4sit\u00f6\u00f6 j\u00e4rjepidevuse hoidjad, kelle tegevuse eesm\u00e4rk ei ole vastuolus Seto K\u00e4sit\u00fc\u00fc Kogo eesm\u00e4rkidega.<\/p>\r\n","protected":false},"excerpt":{"rendered":"<p>Seto K\u00e4sit\u00fc\u00fc Kogo liikmeks v\u00f5ivad olla ettev\u00f5tjad, mittetulundus\u00fchingud ja f\u00fc\u00fcsilised isikud, kes soovivad arendada k\u00e4sit\u00f6\u00f6alast ettev\u00f5tlust Setomaal. Meie \u00fchingusse on oodatud seto traditsioonilise k\u00e4sit\u00f6\u00f6 j\u00e4rjepidevuse hoidjad, kelle tegevuse eesm\u00e4rk ei ole vastuolus Seto K\u00e4sit\u00fc\u00fc Kogo eesm\u00e4rkidega.<\/p>\n","protected":false},"author":4,"featured_media":0,"parent":0,"menu_order":0,"comment_status":"closed","ping_status":"closed","template":"","meta":{"ngg_post_thumbnail":0,"_kad_post_transparent":"","_kad_post_title":"","_kad_post_layout":"","_kad_post_sidebar_id":"","_kad_post_content_style":"","_kad_post_vertical_padding":"","_kad_post_feature":"","_kad_post_feature_position":"","_kad_post_header":false,"_kad_post_footer":false,"_kad_post_classname":"","footnotes":""},"class_list":["post-2221","page","type-page","status-publish","hentry"],"_links":{"self":[{"href":"https:\/\/kogo.seto.ee\/index.php?rest_route=\/wp\/v2\/pages\/2221","targetHints":{"allow":["GET"]}}],"collection":[{"href":"https:\/\/kogo.seto.ee\/index.php?rest_route=\/wp\/v2\/pages"}],"about":[{"href":"https:\/\/kogo.seto.ee\/index.php?rest_route=\/wp\/v2\/types\/page"}],"author":[{"embeddable":true,"href":"https:\/\/kogo.seto.ee\/index.php?rest_route=\/wp\/v2\/users\/4"}],"replies":[{"embeddable":true,"href":"https:\/\/kogo.seto.ee\/index.php?rest_route=%2Fwp%2Fv2%2Fcomments&post=2221"}],"version-history":[{"count":7,"href":"https:\/\/kogo.seto.ee\/index.php?rest_route=\/wp\/v2\/pages\/2221\/revisions"}],"predecessor-version":[{"id":2728,"href":"https:\/\/kogo.seto.ee\/index.php?rest_route=\/wp\/v2\/pages\/2221\/revisions\/2728"}],"wp:attachment":[{"href":"https:\/\/kogo.seto.ee\/index.php?rest_route=%2Fwp%2Fv2%2Fmedia&parent=2221"}],"curies":[{"name":"wp","href":"https:\/\/api.w.org\/{rel}","templated":true}]}}