{"id":247,"date":"2015-10-04T17:13:46","date_gmt":"2015-10-04T14:13:46","guid":{"rendered":"https:\/\/kogo.seto.ee\/?page_id=247"},"modified":"2025-11-04T21:16:39","modified_gmt":"2025-11-04T19:16:39","slug":"liikmed-puit","status":"publish","type":"page","link":"https:\/\/kogo.seto.ee\/?page_id=247","title":{"rendered":"Puit"},"content":{"rendered":"        <ul class=\"entry-list\" style=\"display: grid; grid-template-columns: repeat(2, minmax(0, 1fr)); gap: var(--global-md-spacing, 1.5rem); list-style: none; margin: 0; padding: 0;\">\r\n                            <li class=\"entry-list-item\">\r\n                    <article class=\"entry content-bg loop-entry post-1134 team_manager type-team_manager status-publish has-post-thumbnail hentry team_groups-puit\">\r\n                                                    <a aria-hidden=\"true\" tabindex=\"-1\" role=\"presentation\" class=\"post-thumbnail kadence-thumbnail-ratio-2-3\" aria-label=\"O\u00dc Ots Puut\u00fc\u00fckoda\" href=\"https:\/\/kogo.seto.ee\/?team_manager=ou-ots-puutookoda\">\r\n                                <div class=\"post-thumbnail-inner\">\r\n                                    <img loading=\"lazy\" decoding=\"async\" width=\"768\" height=\"576\" src=\"https:\/\/kogo.seto.ee\/wp-content\/uploads\/2016\/04\/ots-puut\u00fc\u00fckoda-768x576.jpg\" class=\"attachment-medium_large size-medium_large wp-post-image\" alt=\"O\u00dc Ots Puut\u00fc\u00fckoda\" srcset=\"https:\/\/kogo.seto.ee\/wp-content\/uploads\/2016\/04\/ots-puut\u00fc\u00fckoda-768x576.jpg 768w, https:\/\/kogo.seto.ee\/wp-content\/uploads\/2016\/04\/ots-puut\u00fc\u00fckoda-300x225.jpg 300w, https:\/\/kogo.seto.ee\/wp-content\/uploads\/2016\/04\/ots-puut\u00fc\u00fckoda-1024x768.jpg 1024w, https:\/\/kogo.seto.ee\/wp-content\/uploads\/2016\/04\/ots-puut\u00fc\u00fckoda-980x735.jpg 980w, https:\/\/kogo.seto.ee\/wp-content\/uploads\/2016\/04\/ots-puut\u00fc\u00fckoda-214x160.jpg 214w, https:\/\/kogo.seto.ee\/wp-content\/uploads\/2016\/04\/ots-puut\u00fc\u00fckoda-162x121.jpg 162w, https:\/\/kogo.seto.ee\/wp-content\/uploads\/2016\/04\/ots-puut\u00fc\u00fckoda-228x170.jpg 228w, https:\/\/kogo.seto.ee\/wp-content\/uploads\/2016\/04\/ots-puut\u00fc\u00fckoda.jpg 1152w\" sizes=\"auto, (max-width: 768px) 100vw, 768px\" \/>                                <\/div>\r\n                            <\/a>\r\n                        \r\n                        <div class=\"entry-content-wrap\">\r\n                            <header class=\"entry-header\">\r\n                                                                    <div class=\"entry-meta\">\r\n                                        <span class=\"entry-categories\">\r\n                                            Puidut\u00f6\u00f6 ja restaureerimine                                        <\/span>\r\n                                    <\/div>\r\n                                \r\n                                <h2 class=\"entry-title\">\r\n                                    <a href=\"https:\/\/kogo.seto.ee\/?team_manager=ou-ots-puutookoda\" rel=\"bookmark\">\r\n                                        O\u00dc Ots Puut\u00fc\u00fckoda                                    <\/a>\r\n                                <\/h2>\r\n                            <\/header>\r\n\r\n                            \r\n                                                            <div class=\"entry-website\">\r\n                                    <a href=\"http:\/\/otspuu.ee\/\" target=\"_blank\" rel=\"noopener noreferrer\">otspuu.ee\/<\/a>\r\n                                <\/div>\r\n                            \r\n                                                            <div class=\"liikmed-social-links liikmed-social-links-grid\"><div class=\"element-social-inner-wrap social-style-filled social-show-label-false\"><a class=\"social-button liikmed-social-item social-link-facebook\" href=\"https:\/\/www.facebook.com\/otspuu.ee\" target=\"_blank\" rel=\"noopener noreferrer\" aria-label=\"Facebook\"><svg class=\"kadence-svg-icon kadence-facebook-svg\" fill=\"currentColor\" xmlns=\"http:\/\/www.w3.org\/2000\/svg\" width=\"32\" height=\"32\" viewBox=\"0 0 32 32\"><path d=\"M31.997 15.999c0-8.836-7.163-15.999-15.999-15.999s-15.999 7.163-15.999 15.999c0 7.985 5.851 14.604 13.499 15.804v-11.18h-4.062v-4.625h4.062v-3.525c0-4.010 2.389-6.225 6.043-6.225 1.75 0 3.581 0.313 3.581 0.313v3.937h-2.017c-1.987 0-2.607 1.233-2.607 2.498v3.001h4.437l-0.709 4.625h-3.728v11.18c7.649-1.2 13.499-7.819 13.499-15.804z\"><\/path><\/svg><\/a><\/div><\/div>                                                    <\/div>\r\n                    <\/article>\r\n                <\/li>\r\n                            <li class=\"entry-list-item\">\r\n                    <article class=\"entry content-bg loop-entry post-2819 team_manager type-team_manager status-publish has-post-thumbnail hentry team_groups-puit\">\r\n                                                    <a aria-hidden=\"true\" tabindex=\"-1\" role=\"presentation\" class=\"post-thumbnail kadence-thumbnail-ratio-2-3\" aria-label=\"O\u00dc Katus\u00f5katja\" href=\"https:\/\/kogo.seto.ee\/?team_manager=ou-katusokatja\">\r\n                                <div class=\"post-thumbnail-inner\">\r\n                                    <img loading=\"lazy\" decoding=\"async\" width=\"403\" height=\"403\" src=\"https:\/\/kogo.seto.ee\/wp-content\/uploads\/2024\/02\/Screenshot-2024-01-03-at-12.53.38-Ahto-Raudoja-e1709201095675.png\" class=\"attachment-medium_large size-medium_large wp-post-image\" alt=\"O\u00dc Katus\u00f5katja\" srcset=\"https:\/\/kogo.seto.ee\/wp-content\/uploads\/2024\/02\/Screenshot-2024-01-03-at-12.53.38-Ahto-Raudoja-e1709201095675.png 403w, https:\/\/kogo.seto.ee\/wp-content\/uploads\/2024\/02\/Screenshot-2024-01-03-at-12.53.38-Ahto-Raudoja-e1709201095675-300x300.png 300w, https:\/\/kogo.seto.ee\/wp-content\/uploads\/2024\/02\/Screenshot-2024-01-03-at-12.53.38-Ahto-Raudoja-e1709201095675-150x150.png 150w, https:\/\/kogo.seto.ee\/wp-content\/uploads\/2024\/02\/Screenshot-2024-01-03-at-12.53.38-Ahto-Raudoja-e1709201095675-60x60.png 60w\" sizes=\"auto, (max-width: 403px) 100vw, 403px\" \/>                                <\/div>\r\n                            <\/a>\r\n                        \r\n                        <div class=\"entry-content-wrap\">\r\n                            <header class=\"entry-header\">\r\n                                                                    <div class=\"entry-meta\">\r\n                                        <span class=\"entry-categories\">\r\n                                            Puidust kasvuhoonete valmistamine, palkhoonete renoveerimine                                        <\/span>\r\n                                    <\/div>\r\n                                \r\n                                <h2 class=\"entry-title\">\r\n                                    <a href=\"https:\/\/kogo.seto.ee\/?team_manager=ou-katusokatja\" rel=\"bookmark\">\r\n                                        O\u00dc Katus\u00f5katja                                    <\/a>\r\n                                <\/h2>\r\n                            <\/header>\r\n\r\n                            \r\n                                                            <div class=\"entry-website\">\r\n                                    <a href=\"https:\/\/triiphoone.ee\/\" target=\"_blank\" rel=\"noopener noreferrer\">triiphoone.ee\/<\/a>\r\n                                <\/div>\r\n                            \r\n                                                            <div class=\"liikmed-social-links liikmed-social-links-grid\"><div class=\"element-social-inner-wrap social-style-filled social-show-label-false\"><a class=\"social-button liikmed-social-item social-link-facebook\" href=\"https:\/\/www.facebook.com\/profile.php?id=100057580353919\" target=\"_blank\" rel=\"noopener noreferrer\" aria-label=\"Facebook\"><svg class=\"kadence-svg-icon kadence-facebook-svg\" fill=\"currentColor\" xmlns=\"http:\/\/www.w3.org\/2000\/svg\" width=\"32\" height=\"32\" viewBox=\"0 0 32 32\"><path d=\"M31.997 15.999c0-8.836-7.163-15.999-15.999-15.999s-15.999 7.163-15.999 15.999c0 7.985 5.851 14.604 13.499 15.804v-11.18h-4.062v-4.625h4.062v-3.525c0-4.010 2.389-6.225 6.043-6.225 1.75 0 3.581 0.313 3.581 0.313v3.937h-2.017c-1.987 0-2.607 1.233-2.607 2.498v3.001h4.437l-0.709 4.625h-3.728v11.18c7.649-1.2 13.499-7.819 13.499-15.804z\"><\/path><\/svg><\/a><\/div><\/div>                                                    <\/div>\r\n                    <\/article>\r\n                <\/li>\r\n                            <li class=\"entry-list-item\">\r\n                    <article class=\"entry content-bg loop-entry post-2826 team_manager type-team_manager status-publish has-post-thumbnail hentry team_groups-puit\">\r\n                                                    <a aria-hidden=\"true\" tabindex=\"-1\" role=\"presentation\" class=\"post-thumbnail kadence-thumbnail-ratio-2-3\" aria-label=\"O\u00dc T\u00f5rvas \/ Ain Raal\" href=\"https:\/\/kogo.seto.ee\/?team_manager=ainraal\">\r\n                                <div class=\"post-thumbnail-inner\">\r\n                                    <img loading=\"lazy\" decoding=\"async\" width=\"768\" height=\"510\" src=\"https:\/\/kogo.seto.ee\/wp-content\/uploads\/2016\/04\/raali-ain-768x510.jpg\" class=\"attachment-medium_large size-medium_large wp-post-image\" alt=\"O\u00dc T\u00f5rvas \/ Ain Raal\" srcset=\"https:\/\/kogo.seto.ee\/wp-content\/uploads\/2016\/04\/raali-ain-768x510.jpg 768w, https:\/\/kogo.seto.ee\/wp-content\/uploads\/2016\/04\/raali-ain-300x199.jpg 300w, https:\/\/kogo.seto.ee\/wp-content\/uploads\/2016\/04\/raali-ain-1024x680.jpg 1024w, https:\/\/kogo.seto.ee\/wp-content\/uploads\/2016\/04\/raali-ain-320x213.jpg 320w, https:\/\/kogo.seto.ee\/wp-content\/uploads\/2016\/04\/raali-ain-980x651.jpg 980w, https:\/\/kogo.seto.ee\/wp-content\/uploads\/2016\/04\/raali-ain.jpg 2048w\" sizes=\"auto, (max-width: 768px) 100vw, 768px\" \/>                                <\/div>\r\n                            <\/a>\r\n                        \r\n                        <div class=\"entry-content-wrap\">\r\n                            <header class=\"entry-header\">\r\n                                                                    <div class=\"entry-meta\">\r\n                                        <span class=\"entry-categories\">\r\n                                            M\u00e4nnit\u00f5rva tootmine                                        <\/span>\r\n                                    <\/div>\r\n                                \r\n                                <h2 class=\"entry-title\">\r\n                                    <a href=\"https:\/\/kogo.seto.ee\/?team_manager=ainraal\" rel=\"bookmark\">\r\n                                        O\u00dc T\u00f5rvas \/ Ain Raal                                    <\/a>\r\n                                <\/h2>\r\n                            <\/header>\r\n\r\n                            \r\n                            \r\n                                                            <div class=\"liikmed-social-links liikmed-social-links-grid\"><div class=\"element-social-inner-wrap social-style-filled social-show-label-false\"><a class=\"social-button liikmed-social-item social-link-facebook\" href=\"https:\/\/www.facebook.com\/ain.raal\" target=\"_blank\" rel=\"noopener noreferrer\" aria-label=\"Facebook\"><svg class=\"kadence-svg-icon kadence-facebook-svg\" fill=\"currentColor\" xmlns=\"http:\/\/www.w3.org\/2000\/svg\" width=\"32\" height=\"32\" viewBox=\"0 0 32 32\"><path d=\"M31.997 15.999c0-8.836-7.163-15.999-15.999-15.999s-15.999 7.163-15.999 15.999c0 7.985 5.851 14.604 13.499 15.804v-11.18h-4.062v-4.625h4.062v-3.525c0-4.010 2.389-6.225 6.043-6.225 1.75 0 3.581 0.313 3.581 0.313v3.937h-2.017c-1.987 0-2.607 1.233-2.607 2.498v3.001h4.437l-0.709 4.625h-3.728v11.18c7.649-1.2 13.499-7.819 13.499-15.804z\"><\/path><\/svg><\/a><\/div><\/div>                                                    <\/div>\r\n                    <\/article>\r\n                <\/li>\r\n                    <\/ul>\r\n        \n<p>&nbsp;<\/p>\n","protected":false},"excerpt":{"rendered":"<p>&nbsp;<\/p>\n","protected":false},"author":1,"featured_media":0,"parent":0,"menu_order":0,"comment_status":"closed","ping_status":"closed","template":"","meta":{"ngg_post_thumbnail":0,"_kad_post_transparent":"default","_kad_post_title":"default","_kad_post_layout":"default","_kad_post_sidebar_id":"","_kad_post_content_style":"default","_kad_post_vertical_padding":"default","_kad_post_feature":"","_kad_post_feature_position":"","_kad_post_header":false,"_kad_post_footer":false,"_kad_post_classname":"","footnotes":""},"class_list":["post-247","page","type-page","status-publish","hentry"],"_links":{"self":[{"href":"https:\/\/kogo.seto.ee\/index.php?rest_route=\/wp\/v2\/pages\/247","targetHints":{"allow":["GET"]}}],"collection":[{"href":"https:\/\/kogo.seto.ee\/index.php?rest_route=\/wp\/v2\/pages"}],"about":[{"href":"https:\/\/kogo.seto.ee\/index.php?rest_route=\/wp\/v2\/types\/page"}],"author":[{"embeddable":true,"href":"https:\/\/kogo.seto.ee\/index.php?rest_route=\/wp\/v2\/users\/1"}],"replies":[{"embeddable":true,"href":"https:\/\/kogo.seto.ee\/index.php?rest_route=%2Fwp%2Fv2%2Fcomments&post=247"}],"version-history":[{"count":14,"href":"https:\/\/kogo.seto.ee\/index.php?rest_route=\/wp\/v2\/pages\/247\/revisions"}],"predecessor-version":[{"id":3056,"href":"https:\/\/kogo.seto.ee\/index.php?rest_route=\/wp\/v2\/pages\/247\/revisions\/3056"}],"wp:attachment":[{"href":"https:\/\/kogo.seto.ee\/index.php?rest_route=%2Fwp%2Fv2%2Fmedia&parent=247"}],"curies":[{"name":"wp","href":"https:\/\/api.w.org\/{rel}","templated":true}]}}