{"id":68,"date":"2015-08-12T09:47:48","date_gmt":"2015-08-12T06:47:48","guid":{"rendered":"https:\/\/kogo.seto.ee\/?page_id=68"},"modified":"2017-10-18T10:02:59","modified_gmt":"2017-10-18T07:02:59","slug":"liikme-ankeet","status":"publish","type":"page","link":"https:\/\/kogo.seto.ee\/?page_id=68","title":{"rendered":"Liikme ankeet"},"content":{"rendered":"<p>Soovid astuda MT\u00dc Seto K\u00e4sit\u00fc\u00fc Kogo liikmeks.<\/p>\n<p>Avalduse vormi leiad\u00a0<a href=\"https:\/\/kogo.seto.ee\/wp-content\/uploads\/2015\/08\/dokumendid-liikmeks-astumise-avaldus.rtf\">siit.<\/a><\/p>\n<p>&nbsp;<\/p>\n<p>&nbsp;<\/p>\n","protected":false},"excerpt":{"rendered":"<p>Soovid astuda MT\u00dc Seto K\u00e4sit\u00fc\u00fc Kogo liikmeks. Avalduse vormi leiad\u00a0siit. &nbsp; &nbsp;<\/p>\n","protected":false},"author":1,"featured_media":0,"parent":59,"menu_order":0,"comment_status":"closed","ping_status":"closed","template":"","meta":{"ngg_post_thumbnail":0,"_kad_post_transparent":"","_kad_post_title":"","_kad_post_layout":"","_kad_post_sidebar_id":"","_kad_post_content_style":"","_kad_post_vertical_padding":"","_kad_post_feature":"","_kad_post_feature_position":"","_kad_post_header":false,"_kad_post_footer":false,"_kad_post_classname":"","footnotes":""},"class_list":["post-68","page","type-page","status-publish","hentry"],"_links":{"self":[{"href":"https:\/\/kogo.seto.ee\/index.php?rest_route=\/wp\/v2\/pages\/68","targetHints":{"allow":["GET"]}}],"collection":[{"href":"https:\/\/kogo.seto.ee\/index.php?rest_route=\/wp\/v2\/pages"}],"about":[{"href":"https:\/\/kogo.seto.ee\/index.php?rest_route=\/wp\/v2\/types\/page"}],"author":[{"embeddable":true,"href":"https:\/\/kogo.seto.ee\/index.php?rest_route=\/wp\/v2\/users\/1"}],"replies":[{"embeddable":true,"href":"https:\/\/kogo.seto.ee\/index.php?rest_route=%2Fwp%2Fv2%2Fcomments&post=68"}],"version-history":[{"count":4,"href":"https:\/\/kogo.seto.ee\/index.php?rest_route=\/wp\/v2\/pages\/68\/revisions"}],"predecessor-version":[{"id":1456,"href":"https:\/\/kogo.seto.ee\/index.php?rest_route=\/wp\/v2\/pages\/68\/revisions\/1456"}],"up":[{"embeddable":true,"href":"https:\/\/kogo.seto.ee\/index.php?rest_route=\/wp\/v2\/pages\/59"}],"wp:attachment":[{"href":"https:\/\/kogo.seto.ee\/index.php?rest_route=%2Fwp%2Fv2%2Fmedia&parent=68"}],"curies":[{"name":"wp","href":"https:\/\/api.w.org\/{rel}","templated":true}]}}